is the units digit of a(d)?
5
Let m = -168 - -1602. What is the hundreds digit of m?
4
Let z(a) = -6*a**3 - 13*a**2 + 9*a - 30. What is the units digit of z(-7)?
8
Let h(u) = 119*u**3 - 2*u**2 + 14*u - 31. What is the tens digit of h(2)?
4
Suppose 3 = -3*t + 15. Let v = -51 + 54. Suppose -4*y = -h + 10, v*h = y + 26 + t. What is the tens digit of h?
1
Suppose 5*b - 2*y + 29 = 94, -2*b = 2*y - 26. Let p = b - 11. Suppose p*o = -0*o + 46. What is the units digit of o?
3
Let f be 4 - 6 - (-2 + 33). Let h = f - -73. Suppose -j - 3*j + 68 = 4*l, -2*l + h = -4*j. What is the units digit of l?
8
Suppose 0 = 9*o - 13 - 293. Let w = o - -8. What is the units digit of w?
2
Let n(l) = -166*l**3 + 2*l**2 + 25*l + 79. What is the units digit of n(-3)?
4
Suppose 8023 = 35*u - 47872. What is the tens digit of u?
9
Let t = -349 + 586. Suppose -2*x + t = x. What is the tens digit of x?
7
Suppose 5*c = z - 1661, -3*c - 8 = -11. What is the units digit of z?
6
What is the tens digit of ((-6)/2)/(-1) + (-2568)/(-24)?
1
Let h = -6 + 11. Suppose 183 = -d - 5*m - 92, 0 = h*d + 3*m + 1375. What is the tens digit of d/(-10)*(2 - 0)?
5
Let p(t) = t**3 - 6*t**2 - 4*t + 6. Let q be p(4). Let l = 56 - q. Suppose x + 3*o = -0*o + 29, l = 2*x - 4*o. What is the units digit of x?
1
Suppose 9*t - 32*t + 10120 = 0. What is the units digit of t?
0
Suppose 0 = -2*v + 179 + 739. What is the tens digit of v?
5
Let d(l) be the first derivative of 2*l**3/3 - 4*l**2 - 4*l - 2. Let y be d(6). What is the tens digit of 0 + 1 + -2 + y?
1
Let j = 39 - 39. What is the units digit of -56*(-4 + j + 3)?
6
Let k(s) = 48*s**2 - 28*s + 52. What is the tens digit of k(2)?
8
Suppose 5 = -2*h - 2*m - 3*m, 4*h - 5*m + 25 = 0. Let t(u) = -3*u**3 - 10*u**2 + 5*u + 6. What is the hundreds digit of t(h)?
1
Let p be 3/3 - (0 - 1). Let h be (-60)/(-8) + p/(-4). Suppose 48 = -h*j + 10*j. What is the units digit of j?
6
What is the units digit of (-17)/(((-1)/(-2 - -3))/53)?
1
What is the tens digit of (-1 - (-455 + 1)) + -2?
5
Suppose -340 = -15*g + 14*g. Suppose g = 267*r - 265*r. What is the hundreds digit of r?
1
Suppose -73*n + 86*n = 4719. What is the tens digit of n?
6
Let s(c) = -c**2 - 11*c + 6. Let y be s(-11). Let l be 101/y - (-1)/6. What is the units digit of (-12 - -11)*l*-2?
4
Suppose -10*o + 48 = 128. Let j(z) = -2*z**2 - 15*z + 15. What is the units digit of j(o)?
7
What is the hundreds digit of 117 - ((-15)/(-6) + -3)*2?
1
Let g(z) = 2*z - 11. Let w be g(9). Suppose -5*f = w - 27. Let o = f - -18. What is the tens digit of o?
2
Let j = -105 + 338. What is the hundreds digit of j?
2
Suppose q = 4*c - 56, 8*q - 4*q + 159 = 3*c. Let k = 38 + q. Suppose k*a = -2*a + 32. What is the units digit of a?
8
Let n = -1057 - -1831. What is the units digit of (20/30)/(4/n)?
9
Suppose 3*p + 3 + 3 = 0. Let f = p + 5. Suppose f*h = -v + 53, h - 3*v = -0*h + 11. What is the tens digit of h?
1
Let b(l) = l**3 + 6*l**2 - l. Let h(v) = v**3 + 6*v**2 - 2*v. Let s(q) = 3*b(q) - 2*h(q). Let j = -1 - 4. What is the tens digit of s(j)?
2
Let z = -914 - -1742. What is the units digit of z?
8
Suppose -251 + 7055 = 4*s. Let g be 8/20 - s/15. What is the tens digit of (-10)/15 - g/3?
3
Let g = -12 + 15. Let b be 3*-1*(-8)/g. Suppose w - b = -3*w. What is the units digit of w?
2
Let w be ((-10)/(-4) + -2)*-12. Let j(l) = -l**2 - 9*l + 5. What is the units digit of j(w)?
3
Suppose -3*d - 2*d + 820 = r, -2*r - 164 = -d. What is the hundreds digit of d?
1
Let h(v) = v + 8. Let k be h(-9). Let g be (-30*1)/k + 3. Let x = -19 + g. What is the units digit of x?
4
Let d(l) = -33*l - 2. Let b be d(-3). Suppose 3*a - 279 = -3*x, 5*x + 2*a - b = 4*x. What is the units digit of x?
9
Suppose 33*y - 37*y + 12 = 0. Let t be (-146)/2 - (1 - 2). What is the tens digit of ((-16)/y)/(16/t)?
2
Let n(f) be the first derivative of -19*f**2/2 + 7*f - 23. What is the tens digit of n(-2)?
4
Let t be (16/(-12))/(4/6). Let m = t - -4. Suppose u - 13 = -m. What is the units digit of u?
1
What is the units digit of -1 + (-17)/(68/(-14712))?
7
Let x(y) = 8*y - 6*y + 1 - 1 + 3 - 5*y**2. Let j be x(13). What is the tens digit of j/(-84)*(-14)/(-4)?
3
Suppose 0*r + 2*r - 4*j - 26 = 0, 83 = 5*r - j. Let c = 21 - r. Suppose -k + 4 = -c. What is the units digit of k?
8
What is the hundreds digit of (-17644)/(-8)*-1*-2?
4
What is the thousands digit of (55418/33 + -5)*3?
5
Let v(t) = -3*t + 23. Let p be v(7). Suppose -4*m - 3*a + 36 = -m, a = p. What is the units digit of m?
0
Let q be 1/2 - (-15)/10. Suppose -q*u - 1 = -0*u - 5*w, -2*w = u - 13. Suppose u*r = 4*r + 126. What is the tens digit of r?
4
Let f(q) = -q + 56. Let l = 10 + -10. What is the tens digit of f(l)?
5
Suppose 2*a + 3*d = 27 + 48, -a + 42 = 3*d. Suppose -2*m = -w - a + 99, -254 = -4*w - 2*m. What is the units digit of w?
4
What is the units digit of 35/(-3 + -4)*(-3374)/10?
7
Suppose -8*t = -5*t - 24. Suppose 5*f = t*l - 10*l + 1388, -f - 4*l = -292. What is the tens digit of f?
7
Let r(y) = 6*y - 19. Suppose 0 = -12*g + 71 + 1. What is the tens digit of r(g)?
1
Let g be -3 - ((-12)/10)/((-2)/(-10)). Suppose 5*n - 89 = 5*y + 41, -g*n + 5*y + 82 = 0. What is the units digit of n?
4
Suppose -5*y + 1830 = 5*c, -2450 + 596 = -5*y + 3*c. Suppose u - 73 = -a, -5*a + y = 2*u + 2*u. What is the units digit of a?
7
Let r = -5 + 25. Let y = 99 - r. What is the tens digit of y?
7
Let x be 1*-14 + -4 + 0. Let v be ((-22)/(-33))/((-4)/x). Suppose -2*y = v*y - 185. What is the units digit of y?
7
Let s = 37 + 522. What is the hundreds digit of s?
5
Let i(z) = -2*z**2 + 5*z + 3. Let r be i(3). What is the units digit of (-5*19)/((r + 1)/(-1))?
5
What is the units digit of -1029*(-4 + (-23)/(-3) - 4)?
3
Let j = -14 - -29. Suppose 0*h - 3*y + j = -2*h, 4*h - 3 = -5*y. What is the units digit of (-9)/12*8*h?
8
Suppose -7*o + 84 = -28. What is the tens digit of (-10)/40 + (-2)/(o/(-466))?
5
Suppose 1522 = 3*v + t, 0 = 2*v - 5*t - 450 - 593. What is the units digit of v?
9
Let i be (3 - 4)*(0 + 1). Let v be (i/(-2))/1*0. Suppose -3*t + 64 = 2*g, v*g + 2*g - 82 = -4*t. What is the tens digit of t?
1
Suppose 0 = 2*h + 2*g + g + 15, 5*g + 25 = 5*h. Suppose 5*o - 4*u - 545 = h, -o - 2*u = 2*o - 305. What is the tens digit of o?
0
Let d = 96 - 8. Let s = 11 + d. Suppose 0 = 3*t + 36 - s. What is the tens digit of t?
2
Let x = 8872 + -3120. What is the units digit of x?
2
Let j(o) = o**2 + 6. Let y be j(3). What is the units digit of (y/(-1))/((-4)/48)?
0
Suppose -t - 3*a = 5, 6 = 3*t + 2*a - 0. Suppose t*h - 117 = 2*h + 3*v, -5*h = -4*v - 275. What is the tens digit of h?
5
Suppose -2*f + 46 = -7*f - 2*p, -4*f = p + 38. What is the units digit of 124*(-10)/4*2/f?
2
Let h = -16 - -22. Suppose -h*v = -2*v + 40. Let z = v - -15. What is the units digit of z?
5
Suppose 0 = -5*a - x + 26, 6*x + 6 = a + 7*x. Suppose -3*z = -a*z + 4, 2*p - 344 = -5*z. What is the units digit of p?
7
Let f = 187 + -123. Suppose f = -10*t + 11*t. What is the units digit of t?
4
Let r = 425 + -253. Suppose -6*i = -140 - r. What is the units digit of i?
2
Let i(n) = 454*n**2 + n - 6. What is the hundreds digit of i(-3)?
0
Let d(l) = -l**3 + 6*l**2 + 19*l - 1. Let p be d(8). Suppose 69 = 4*x - p. What is the tens digit of x?
2
Let n = -54 - -116. Let r(q) = -7*q - 4. Let y be r(3). Let g = y + n. What is the units digit of g?
7
Let v = 25 + -21. Suppose -v*u + 137 = 5*j, 0*j = 3*j + 2*u - 81. What is the tens digit of j?
2
Let l = 15 - 11. Let r be (-1)/(3 - 14/l). What is the units digit of (1 + 2)/(r/14)?
1
Let k(y) be the third derivative of y**6/30 + y**5/20 - y**4/24 + y**2. Let w(u) = -2*u + 16. Let i be w(7). What is the tens digit of k(i)?
4
Let s(j) = -7*j**2 + 9*j + 2. Let z(d) = -8*d**2 + 10*d + 1. Let b(a) = -7*s(a) + 6*z(a). Let w be b(4). What is the units digit of ((-7)/(-2))/(w/(-8))?
7
Let v(n) = -n**3 + 16*n**2 + 10. Let u be v(16). What is the units digit of u/(-3)*(-171)/38?
5
Suppose 60 = 6*j - 2*j. Suppose 0 = -12*l + j*l - 708. What is the tens digit of l?
3
Suppose 10*c - 7*c + 15 = 0. What is the units digit of (-1010)/c + (-6 - -3)?
9
Suppose -4 = c + c. What is the tens digit of (-6 + 9)/(147/(-75) - c)?
7
What is the units digit of (672/72)/(3/1458)?
6
Let k = 225 - 5. Let a = 7 + -2. Suppose -k = -a*y +